ase 8.
-222165
-1668d6 (base 14) to base 7
-6454056
What is cb4ee (base 16) in base 14?
1796a2
Convert -570107 (base 8) to base 7.
-1431316
52a161 (base 12) to base 8
4761131
-a34b (base 15) to base 16
-86c0
What is bb248 (base 13) in base 15?
6a576
What is 177a90 (base 11) in base 8?
1027364
-32307 (base 11) to base 7
-253616
-2025243 (base 8) to base 3
-1000012011100
What is -4440a (base 11) in base 16?
-fb7e
What is -21132231002 (base 4) in base 2?
-1001011110101101000010
What is -ef4 (base 16) in base 3?
-12020210
Convert 444b29 (base 15) to base 10.
3256014
-678583 (base 9) to base 14
-a8221
2242156 (base 7) to base 8
1041374
What is -115664 (base 15) in base 16?
-ca39f
What is -1142243 (base 6) in base 3?
-10001111200
Convert -1101200000 (base 4) to base 8.
-1214000
-25983a (base 14) to base 15
-1a8649
-102023303223 (base 4) to base 16
-48bceb
-352255 (base 6) to base 12
-1568b
What is -516455 (base 8) in base 2?
-101001110100101101
What is -3406665 (base 7) in base 3?
-210110122220
-2110830 (base 10) to base 15
-2ba670
Convert 2653256 (base 9) to base 7.
15226230
Convert 1d022a (base 15) to base 13.
3a8562
What is 1264969 (base 10) in base 9?
2337181
What is 68587 (base 10) in base 5?
4143322
Convert 122113220 (base 4) to base 8.
322750
333a807 (base 12) to base 8
45247407
-133058 (base 9) to base 16
-13c4c
What is -37948 (base 11) in base 10?
-54381
What is 1b80 (base 12) in base 14?
1356
Convert 153e9 (base 15) to base 8.
205452
What is -17630 (base 16) in base 12?
-47528
What is -6c7b9 (base 16) in base 9?
-746466
Convert 12063351 (base 7) to base 9.
2016783
2351533 (base 7) to base 14
7aa1a
Convert cc6b6 (base 14) to base 8.
1707230
What is -554234 (base 7) in base 9?
-157712
What is 1114243032 (base 5) in base 11?
1453464
-2021212110 (base 3) to base 6
-544450
Convert 9204cd (base 14) to base 3.
100020212112001
13255353 (base 6) to base 15
8b48c
-12133222 (base 5) to base 13
-40349
What is -9497952 (base 10) in base 15?
-c7931c
-4ba4 (base 12) to base 4
-2012230
What is -550a5 (base 16) in base 4?
-1111002211
Convert -111100100001110100000001 (base 2) to base 4.
-330201310001
12323443 (base 5) to base 8
353262
Convert 2435615 (base 11) to base 3.
21222100022220
What is -44704634 (base 8) in base 15?
-caed65
What is 110540224 (base 6) in base 12?
807674
Convert 3934b (base 12) to base 11.
53878
-1d536 (base 15) to base 5
-11030201
88602 (base 15) to base 6
13142132
What is -3022001120 (base 4) in base 6?
-25422532
-2121121221 (base 3) to base 9
-77557
10461 (base 9) to base 16
1b1c
806279 (base 10) to base 5
201300104
Convert 22504422 (base 6) to base 7.
5614442
Convert -1661323 (base 8) to base 16.
-762d3
What is -1022102 (base 7) in base 8?
-360464
Convert -101011010111000110 (base 2) to base 8.
-532706
-100226462 (base 7) to base 14
-ab19d9
Convert -14304401 (base 6) to base 11.
-305900
-22453304 (base 7) to base 8
-7371455
Convert -1234421 (base 5) to base 14.
-8c41
-441333242 (base 5) to base 10
-1902322
Convert 250234 (base 8) to base 10.
86172
-102211200021001 (base 3) to base 15
-844544
4202424340 (base 5) to base 9
17226852
What is c0aa (base 16) in base 13?
195b0
What is -29e8ee (base 15) in base 7?
-23125565
Convert 14556260 (base 7) to base 13.
3999bc
Convert -7250513 (base 8) to base 6.
-105103055
Convert 110011001010000100101 (base 2) to base 14.
318c97
1033320212 (base 4) to base 16
4fe26
Convert -2da8c9 (base 15) to base 10.
-2212614
140791 (base 10) to base 7
1124320
What is -84702 (base 9) in base 11?
-39065
-100451525 (base 6) to base 12
-6a9ba5
Convert 2114432221 (base 5) to base 10.
4452186
Convert -12339aa (base 12) to base 2.
-1101100011010011010010
Convert 30502 (base 13) to base 9.
141624
What is 1439c5 (base 13) in base 7?
4124452
Convert -130311322 (base 4) to base 15.
-2500d
2013222 (base 5) to base 11
22305
What is -674730 (base 9) in base 12?
-175783
Convert -321c57 (base 14) to base 13.
-474954
2121101022 (base 3) to base 14
149ac
Convert 3765478 (base 10) to base 13.
a1abc2
14264103 (base 7) to base 5
320443313
-22c6b8 (base 15) to base 12
-68199b
22dc9 (base 15) to base 5
12023424
30205413 (base 7) to base 11
1461a11
15256 (base 12) to base 3
1111210010
Convert -2303130 (base 4) to base 13.
-52c5
What is -12a76a (base 11) in base 5?
-23021231
What is 2450332 (base 6) in base 15?
28c4e
Convert 232623 (base 8) to base 11.
545a7
-6ab1c (base 13) to base 2
-101111101010010100
102540 (base 8) to base 2
1000010101100000
Convert 15237304 (base 8) to base 2.
1101010011111011000100
What is -11464533 (base 7) in base 14?
-1c94c3
Convert 1849a47 (base 12) to base 16.
4d7697
10101111010010101 (base 2) to base 9
146101
What is 464b46 (base 13) in base 16?
1970ab
Convert -15352123 (base 9) to base 12.
-2690086
Convert 2420414 (base 5) to base 9.
67781
Convert 18b7cd (base 15) to base 3.
2021010120111
What is -22221111000 (base 3) in base 4?
-222332220
What is 25469 (base 15) in base 13?
422b5
88281b (base 12) to base 15
2ca535
-3671a8 (base 12) to base 9
-1585562
36b50 (base 12) to base 9
122726
What is 4026417 (base 9) in base 16?
20b570
Convert 3c351 (base 15) to base 3.
100210220211
Convert 21011000222221 (base 3) to base 5.
1433041141
Convert 2b1794 (base 14) to base 5.
341034340
What is 322122022 (base 4) in base 8?
723212
-1a254a (base 15) to base 3
-2101201000021
What is 1000010110111101101 (base 2) in base 7?
2220355
113080 (base 12) to base 7
2223210
3333550 (base 7) to base 13
115621
5b87c (base 13) to base 10
168427
61565272 (base 8) to base 9
26468286
What is 2067 (base 13) in base 10?
4479
-53651413 (base 7) to base 3
-22121220010221
Convert 890b62 (base 14) to base 7.
54346352
What is -28598 (base 12) in base 4?
-31231010
Convert 14514102 (base 6) to base 15.
a0628
What is -3ad7a6 (base 14) in base 13?
-56324a
What is -b87c6 (base 13) in base 14?
-89564
Convert 544053 (base 6) to base 5.
2414321
What is -3000a (base 13) in base 11?
-59423
What is -5236434 (base 10) in base 2?
-10011111110011011010010
What is 105204534 (base 6) in base 11?
10a8744
Convert -545311 (base 6) to base 13.
-177a6
Convert -9222e0 (base 15) to base 16.
-69f13b
Convert -783b4 (base 15) to base 8.
-1352413
Convert 21212002122 (base 3) to base 14.
404c3
What is -7013656 (base 8) in base 10?
-1841070
Convert 32107170 (base 8) to base 13.
155bb87
-10220200200 (base 3) to base 15
-17c69
Convert -20e52a (base 15) to base 12.
-636b11
Convert 10301303121 (base 5) to base 16.
a747df
-90a6 (base 14) to base 5
-1243332
Convert 233310 (base 8) to base 14.
20dcc
What is 304214433 (base 5) in base 16?
12f30c
What is 13516081 (base 10) in base 7?
222612325
What is 82640 (base 13) in base 5?
24441243
Convert -2166330 (base 7) to base 14.
-6dd17
-467874 (base 10) to base 7
-3656031
Convert -1251661 (base 7) to base 11.
-1021a4
Convert -111201200002022 (base 3) to base 14.
-d7cbd4
Convert -16c645a (base 13) to base 2.
-11100010001011000100000
What is 32cae (base 15) in base 5?
20131424
10022221002 (base 3) to base 15
14658
What is -10f7fe7 (base 16) in base 10?
-17792999
1122211001000 (base 3) to base 5
211211432
What is 2544415 (base 8) in base 7?
6002504
What is -2aa8b (base 12) in base 10?
-60299
What is 317241 (base 8) in base 15?
216b5
Convert 54792 (base 12) to base 2.
11011010001011110
What is 391318a (base 12) in base 3?
210010012220021
Convert a4aa78 (base 14) to base 7.
65162011
-110010111020 (base 3) to base 11
-153407
Convert -22331203210 (base 4) to base 6.
-141331324
Convert 4740783 (base 10) to base 4.
102011122233
125007 (base 11) to base 3
101000020010
-5110172 (base 11) to base 15
-bd69b7
-10052411 (base 6) to base 16
-46117
-75004 (base 13) to base 16
-337e4
-112033301 (base 4) to base 5
-10403441
Convert -2110221221 (base 3) to base 7.
-262213
What is -2420012 (base 6) in base 14?
-34408
What is -c5044b (base 13) in base 6?
-242323540
-111011100100101001101 (base 2) to base 5
-444431302
What is 2b9b1 (base 13) in base 10?
82954
Convert -19a5880 (base 11) to base 14.
-63c017
Convert -101001111011101000 (base 2) to base 14.
-46840
Convert 44400 (base 12) to base 7.
524436
21002010002 (base 3) to base 12
68762
What is 11331400 (base 5) in base 4?
121230021
-5734707 (base 8) to base 15
-20aa92
What is 120244321 (base 5) in 